 the highest common factor of 19 and r?
19
Let j = 6 + -1. Let f be (-6)/(-15) + 28/j. Suppose 51 - 3 = 4*y. What is the greatest common factor of f and y?
6
Let y be (-8 - -3) + 0 + 86. What is the greatest common factor of y and 18?
9
Suppose 0*v = 4*k + 5*v - 9, -3*k + 5*v - 37 = 0. Let j(a) = -8*a + 1. Let s be j(k). Calculate the greatest common divisor of s and 3.
3
Suppose -4*j - 5 = 23. Let g(w) be the first derivative of -w**2/2 - w - 1. Let z be g(j). Calculate the highest common divisor of 66 and z.
6
Let t = 84 - 50. Let z = t - -26. Calculate the highest common factor of z and 40.
20
Let v(r) = r**2 + 3*r + 32. Let f be v(-12). Calculate the greatest common divisor of f and 56.
28
Let k(w) = -30*w + 7. Let r(q) = 15*q - 3. Let u(s) = 4*k(s) + 9*r(s). Let f be u(3). Calculate the highest common factor of f and 115.
23
Let b be ((-9)/(-3) - 0) + 2. Let f(j) be the third derivative of 3*j**4/4 - 5*j**3/6 - 2*j**2. Let v be f(b). What is the greatest common divisor of v and 34?
17
Suppose -5*a - 5*s + 50 = 0, 2*s = -2*a - 2*a + 38. Calculate the greatest common factor of a and 45.
9
Let g(t) = 14*t + 7. Let h be g(3). What is the greatest common factor of 7 and h?
7
Let c(k) = k**3 + 8*k**2 - 8*k - 3. Let m be c(-7). What is the highest common divisor of 68 and m?
34
Suppose 2*f = 4, 3*f + 10 = 4*u - 4. Suppose 223 + 52 = u*k. What is the greatest common factor of k and 11?
11
Let d be (-2)/(-6) + 160/24. Let s(q) = -q**2 + 8*q + 6. Let k be s(d). What is the highest common divisor of 65 and k?
13
Suppose -4*c + 86 = 10. What is the greatest common factor of 19 and c?
19
Suppose -t + 5*z = 3, -4*z = 5*t - 2*z - 93. Let l = 8 - -9. What is the highest common divisor of l and t?
17
Suppose -2*j + h = -3*j, -2*h - 3 = 5*j. Let q be 5*(21/5 + j). Suppose 4*m - 20 = -4. What is the highest common factor of m and q?
4
Suppose 0 = -5*y + 2*m + 23, -14 = -5*y - m - 3. Let q = y - -57. Calculate the highest common factor of q and 24.
12
Let t = -14 + 22. Suppose 0*y + y = -v + 18, -14 = -y + v. Calculate the greatest common divisor of t and y.
8
Suppose -65 - 1 = -2*d. Calculate the greatest common factor of 3 and d.
3
Let u = 2156 - 1121. Suppose j + u = 6*j. Suppose -2*k + 4*c = -7*k + 131, 5*k + c = 119. Calculate the greatest common divisor of j and k.
23
Let n(g) = 15*g + 8. Let w be n(7). Let a = w - 80. Calculate the greatest common factor of 11 and a.
11
Suppose -5*r + 9*r + 140 = 0. Let t = 50 + r. Let k be 416/14 - (-2)/7. What is the highest common divisor of t and k?
15
Let d = -217 + 427. Calculate the greatest common divisor of d and 84.
42
Suppose 4*s = 4*n + 4, 0 = -5*s + 4*n + 1 + 3. Let y be (-4)/2 + (2 - s). Suppose y = 4*l - 766 + 206. What is the greatest common divisor of 20 and l?
20
Suppose -5*x + 43 = -7. Let z be ((-6)/x)/((-2)/30). Calculate the greatest common factor of z and 81.
9
Let v = -42 + 51. Let s = -5 + 51. Let o be -1 - (1*s)/(-1). Calculate the greatest common factor of v and o.
9
Suppose 0*c = 3*c - 45. Let y be 1*-1*-5*33. Calculate the highest common factor of y and c.
15
Suppose -m + 3 = -45. Calculate the highest common factor of 36 and m.
12
Suppose 0*n + 5*n + 4*u = 125, 4*n - 100 = -3*u. What is the highest common divisor of 50 and n?
25
Let i(j) = -j. Let g be i(4). Let u be (g/5)/(1/(-45)). Let z be 43/5 - (-2)/5. Calculate the greatest common factor of u and z.
9
Let p be 25/3 - (-25)/(-75). Calculate the greatest common factor of 56 and p.
8
Let m(k) = k**3 + 2*k**2 - 9*k + 6. Let q be m(3). Calculate the greatest common factor of q and 12.
12
Let o(m) be the second derivative of -17*m**3/6 - 3*m**2/2 + 2*m. Let z be o(-6). What is the greatest common divisor of z and 11?
11
Suppose x = -3*i + 97, 0 = x + 2*i - 57 - 45. What is the greatest common divisor of 16 and x?
16
Let g be 21*12/9*1. Let f = -19 + g. Let q be 574/f - (-4)/18. Calculate the highest common divisor of q and 16.
16
Let k(d) = -d + 7. Let t be k(-5). Suppose -3*j - 4*i - 52 = -152, 2*j - 4*i - 80 = 0. What is the greatest common divisor of j and t?
12
Suppose -4*z + i = 5*i - 4, i - 13 = -5*z. Calculate the greatest common factor of 33 and z.
3
Let t(i) = 4*i**2 - 2*i + 18. Let m be t(0). What is the highest common divisor of m and 162?
18
Suppose -2*z + 5*w + 54 = 2*w, 2*z - 2*w - 54 = 0. What is the highest common divisor of z and 3?
3
Let m = 10 + -6. Suppose -4*q = -m*h + 44, q + 1 = -5*h + 62. Suppose -h = -s - 2*s. What is the greatest common factor of 4 and s?
4
Suppose 328 = 3*t + 4*c - 0*c, 5*t - 3*c = 508. Calculate the highest common divisor of t and 13.
13
Let z = 13 - -19. Let v = z - 23. Calculate the greatest common divisor of v and 45.
9
Suppose -5*r + 20 = -35. Let z(x) = -x**2 - 6*x - 3. Let t be z(-5). Suppose t*k = -43 + 241. Calculate the highest common factor of k and r.
11
Suppose 0 = -5*p - 15, -5*w + 0*p + 100 = 5*p. Suppose -2*q - 36 - 28 = -5*x, 3*q - w = -x. Let r = 11 + -4. Calculate the greatest common divisor of x and r.
7
Let j be -8 + (2 + -2)/2. Let r = 41 + j. Suppose 3*p = -0*s + s + 62, -5*p + 5*s = -90. Calculate the greatest common divisor of p and r.
11
Let c = -220 + 225. Let i(r) = -19*r + 2. Let t be i(-2). What is the greatest common factor of t and c?
5
Let z(r) = r**3 - 6*r**2 + 2*r + 8. Let l = -9 - -15. Let m be z(l). Calculate the highest common divisor of 30 and m.
10
Suppose -2*z + 50 = 5*n, -z + 4 = -2*n + 3*z. What is the greatest common divisor of n and 4?
4
Let q be (-4495)/(-62) + (0 + 2)/(-4). Calculate the greatest common factor of q and 108.
36
Let a(g) = 3*g + 5*g - 4*g + 31*g. Let i be a(2). What is the highest common factor of i and 14?
14
Let i(l) = l**3 + l**2 + 26. Let y be i(0). What is the greatest common factor of 65 and y?
13
Let d = -2 + 6. Let f be ((-6)/(-9))/(d/60). Calculate the highest common factor of 4 and f.
2
Suppose -216 = -3*f + 144. Let q be -2 - (2 - 1)*-4. Suppose -h + 4*b = -15, 5*b = -q*h + 22 + 8. What is the greatest common divisor of f and h?
15
Suppose 3*g + 3*u - 91 = -22, -5 = -u. Let x(h) = h**2 + 4*h - 9. Let c be x(-7). Calculate the highest common divisor of c and g.
6
Suppose 3*y + 5*w = 2*w - 3, 0 = -2*y + 5*w + 26. Suppose u + 5*s = -14, -u = 4*u - y*s - 70. What is the highest common divisor of 44 and u?
11
Let g(w) = 4*w**2 - 2*w + 1. Let s be g(-2). What is the highest common divisor of 42 and s?
21
Let l(t) = -t**3 - t**2 + 10. Let o be l(0). Calculate the greatest common factor of o and 80.
10
Suppose -4*c + 3 = -5*c. Let w = c + 17. Calculate the highest common factor of 112 and w.
14
Let n(r) = 39*r + 3. Let z be n(3). What is the highest common factor of 30 and z?
30
Let p = -13 + 18. Suppose 5*z = -4*w - 5, -p*w - 19 = -2*z + 4*z. Let j be (-4)/((-8)/(-6)) - -6. Calculate the highest common factor of z and j.
3
Suppose -j = -4*x - 124, -4*j + 3*x + 805 = 283. Let t(k) = k + 6. Let m be t(6). Calculate the highest common factor of m and j.
12
Let m = -79 + 76. Suppose -5*q = -q - 4. Let b be (79 + 5 + m)*q. Calculate the highest common divisor of 9 and b.
9
Let j = -28 + 31. Let y be 2/(2/(-4)*-2). Let p be 2 + 12*y + 1. Calculate the highest common divisor of j and p.
3
Let a be 126/4*(-2 - -4). Calculate the greatest common factor of 9 and a.
9
Let s(a) = -5*a - 9. Let j be s(-7). Let y = 86 - j. Suppose d - 2*r = r + 39, 3*r - y = -2*d. Calculate the greatest common factor of 3 and d.
3
Let k = 213 - 136. Suppose f - 42 = -2*l + 3*f, 3*f - k = -4*l. What is the greatest common factor of 5 and l?
5
Let q(d) = 13*d - 1. Let a be q(1). Let b be -20*(-1 + (-66)/10). Let m = -20 + b. What is the highest common divisor of m and a?
12
Suppose x - 16 = -115. Let c = x - -169. Suppose c = 2*o - o. Calculate the greatest common divisor of 10 and o.
10
Let a(f) = 10*f + 8. Let c be a(2). What is the highest common divisor of 308 and c?
28
Suppose -c + 36 = -7. Suppose -i - 3*p = -2, -5*i + c = p + 3*p. What is the highest common divisor of i and 77?
11
Let f = 9 + -7. Suppose -l - 3*l = -u - 80, l - 5*u - 1 = 0. Suppose -f*o + l = -3. Calculate the greatest common factor of 24 and o.
12
Suppose -40 + 172 = m. Suppose -o = o - m. Calculate the greatest common factor of 6 and o.
6
Suppose 0 = 3*j - j + 5*c - 9, 5*j - c = 36.